-7). Calculate the greatest common factor of 493 and y.
29
Suppose -7*z + 1389 + 123 = 0. What is the highest common divisor of 48 and z?
24
Let j(x) = x**3 - 8*x**2 - 10*x + 13. Let l be j(9). Suppose l*w - 15 - 113 = 0. What is the highest common divisor of 16 and w?
16
Let a(q) = 3*q + 63. Let r be a(-16). Suppose 3*v = -0 + 45. Calculate the greatest common divisor of r and v.
15
Let b be 238/10 + 7/35. Suppose 5 = 5*m, -x = m - 3*m + 23. Let i = x + 37. What is the highest common factor of b and i?
8
Let b be (2*-4)/(-1 + 2). Let m(f) = f**3 + 9*f**2 + 7*f - 5. Let r be m(b). Suppose 0 = -r*u + 4 + 50. Calculate the highest common factor of 27 and u.
9
Suppose -k = k + r - 24, -4*k + 3*r + 48 = 0. Suppose k = -x - 19. Let f = -9 - x. Calculate the highest common divisor of f and 2.
2
Suppose -1465 - 185 = -10*p. Calculate the greatest common factor of p and 30.
15
Let p be (-24)/64*24/(-3). Calculate the greatest common divisor of 375 and p.
3
Let x(v) = 2*v**3 - 7*v**2 + 7*v + 10. Let s be x(4). What is the greatest common divisor of 324 and s?
54
Suppose m - 2*m - 4*b - 6 = 0, -3 = -2*m - 3*b. Suppose -m*r + 5 = -5*r. Let l be (58/r)/((-20)/(-50)). Calculate the greatest common factor of 29 and l.
29
Let g(p) = -p**2 - 14*p + 1. Let o(t) = -t + 1. Let c(b) = g(b) - 3*o(b). Let r be c(-9). Let f = 19 + 61. What is the greatest common factor of f and r?
16
Let j(q) = -3*q**2 - 49*q - 20. Let a be j(-15). Calculate the highest common divisor of a and 230.
10
Let a(g) = g**3 - 8*g**2 - 16*g + 26. Let h be a(10). Calculate the greatest common divisor of 99 and h.
33
Let m(f) = -3*f**3 - f**2 + 21*f + 7. Let h be m(-4). Calculate the greatest common factor of h and 165.
33
Let r(k) = -3*k**3 + 9*k**2 + 26*k - 1. Let s be r(-4). Calculate the highest common divisor of s and 22.
11
Let h = 61 - 63. Let d be (16/(-48))/(h/72). Calculate the greatest common factor of d and 60.
12
Suppose -18*f = 60*f - 125424. Calculate the greatest common factor of 24 and f.
24
Suppose 2*o + 81 = 33. Let w = 54 + o. Calculate the greatest common divisor of w and 6.
6
Let q be ((2 - 1)/1)/((-1)/(-119)). Let y = q + -11. What is the greatest common factor of y and 27?
27
Let f(c) = 2*c**2 - 98*c + 4. Let w be f(51). What is the greatest common factor of w and 240?
16
Let u be (0 - (3 + -5)) + 0 + 0. Let j be 4/8*u + 23. What is the highest common factor of 264 and j?
24
Let c = 49 - 17. Suppose l - 14 = 3*t + t, t = 4*l - 11. Let h be (1 + t + (-8)/(-12))*-6. What is the greatest common factor of h and c?
8
Let s(n) = -n**3 - 21*n**2 - n - 271. Let x be s(-22). Calculate the greatest common divisor of x and 517.
47
Let d be (0 - 2) + 181 + (-9)/(-9). What is the highest common factor of 36 and d?
36
Let f = -55 + -138. Let n = -23 + -82. Let v = n - f. What is the highest common divisor of v and 22?
22
Suppose -3*j = -2*q - 635, -62*q = 4*j - 58*q - 820. Calculate the highest common factor of 33 and j.
11
Let h(g) = 44*g + 274. Let y be h(-6). What is the highest common divisor of y and 2?
2
Suppose -j - 4*y = y - 44, 67 = 2*j + 3*y. Let b = -23 + j. Calculate the greatest common factor of b and 102.
6
Let u(g) = g**3 + 8*g**2 + 4*g - 16. Let f be u(-7). Suppose 0 = -f*h - 13 + 1133. What is the highest common divisor of h and 28?
28
Suppose t - 323 + 113 = 3*q, 0 = 2*t - 5*q - 419. Suppose 2*l + 5*w - 56 = 0, -l - l - 2*w = -50. Calculate the highest common factor of l and t.
23
Let j be (0 + 1034/(-33))*(-3)/2. Calculate the greatest common factor of 564 and j.
47
Suppose -8*i - 327 + 791 = 0. What is the greatest common factor of i and 8?
2
Let s(t) = -44*t - 356. Let z be s(-17). What is the greatest common factor of 32 and z?
8
Let b be 28*(-1 + 36/8). Suppose 6 = 2*p + 24. Let m = 5 - p. What is the highest common divisor of b and m?
14
Let y = 203 + -193. Calculate the highest common divisor of y and 10.
10
Suppose 31*h - 23*h - 224 = 0. Calculate the greatest common divisor of h and 12.
4
Let w be 14 + (-8)/1 - -1733. Calculate the highest common divisor of 47 and w.
47
Suppose 59*y = 51*y + 104. Calculate the highest common divisor of 2509 and y.
13
Suppose -23 = -i - w + 9, -5*w - 173 = -4*i. Let l be 14*29 - 3/(-3). Calculate the highest common divisor of l and i.
37
Suppose -2*v + 1140 = 2*v - 3*i, -v + 285 = 4*i. Calculate the greatest common factor of 171 and v.
57
Let j(h) = 23*h - 18. Let m be j(11). Let i = -105 + m. Calculate the highest common factor of 26 and i.
26
Let m = 274 + -50. Calculate the highest common divisor of m and 140.
28
Suppose 96 = 9*f + 7*f. What is the highest common factor of f and 30?
6
Let r(a) = 1. Let l(c) = -c**3 - 5*c**2 + 6*c + 3. Let d(p) = l(p) + 6*r(p). Let q be d(-6). What is the greatest common factor of 45 and q?
9
Suppose -616*y + 620*y = 1148. What is the highest common factor of y and 82?
41
Let i(t) = -7*t**2 - 39*t + 7. Let c be i(-5). Let x be c/4 - (-7)/28. What is the greatest common divisor of x and 21?
7
Let s be 2/4*(-3 + -47). Suppose -33 + 9 = 3*f + 5*c, -32 = 4*f + 3*c. Let p = f - s. Calculate the greatest common factor of p and 136.
17
Let p(n) = 19*n - 76. Let m be p(8). Suppose 72*j + 144 = m*j. What is the greatest common divisor of 36 and j?
36
Suppose 2*t + 0*t = 3*x - 590, 5*x - 1010 = -2*t. Calculate the highest common factor of 60 and x.
20
Let k(l) = l**3 - 36*l**2 + 60*l - 427. Let h be k(35). What is the greatest common factor of 192 and h?
64
Let a = -46 - -79. Suppose -38 = 4*b + 14. Let g be (-10 + -1)/(b/13). Calculate the highest common divisor of a and g.
11
Suppose -2*d = -3*s - 3*d + 43, -5*d + 5 = 0. Suppose 5*p - 50 = 4*o, -p - 5*o + 49 - 10 = 0. Calculate the greatest common divisor of p and s.
14
Let w be 2*((-153)/2)/(-9). Let s(t) = t**2 - 16*t + 7. Let y be s(w). Calculate the highest common divisor of y and 36.
12
Let t = 5 + -2. Let g be t*(3 - 2)*1. Suppose -g*v + k + 2*k = -18, -5*v = 3*k - 38. What is the greatest common factor of 49 and v?
7
Suppose -3201 - 2847 = -8*t. Calculate the greatest common divisor of t and 24.
12
Let k = 1195 - -380. Calculate the greatest common factor of 45 and k.
45
Suppose -121 = -r + d + 2*d, 0 = 5*r - d - 675. Suppose -2*n + 30 = -2*s, 0 = 5*s - 3 - 7. Calculate the highest common factor of r and n.
17
Let g be (-206)/(-4)*(96 - 94). What is the highest common divisor of g and 1133?
103
Let p = -120 - -130. Suppose -2*z - 3*z = 0. Suppose -f + 26 + 24 = z. Calculate the greatest common divisor of p and f.
10
Let y = 229 - 194. Suppose 2*v + 2*v = -2*n + 146, 4*n + 128 = 4*v. Calculate the highest common factor of y and v.
35
Suppose -21*r + 14*r = -378. What is the greatest common divisor of r and 702?
54
Let p be (30/25)/(4/10). Suppose 2*s - 32 = -2*j, 0*s - s = -p*j - 12. Let c be s - (-1 + -3 - -7). What is the greatest common factor of c and 2?
2
Let w = 30 + -14. Suppose 0 = -m + 4*u, 3*m = 2*m - 2*u. Suppose m = -6*f + 13*f - 280. What is the highest common factor of f and w?
8
Let a = 44 + -67. Let p = a + 24. Let q = -5 - -10. What is the greatest common divisor of q and p?
1
Suppose 0*r - r + 66 = 0. Suppose x = 4*x - r. Suppose -3*q - 3*l = -105, q - x = l + 19. What is the highest common divisor of q and 57?
19
Let t be ((-12)/30 + (-127)/(-5))*1. What is the greatest common factor of 15 and t?
5
Suppose v = 6*v - 10. Suppose -2*o = 5*x - 5*o - 24, 5*x = 4*o + 22. Calculate the highest common divisor of v and x.
2
Let m = -429 - -545. Calculate the highest common factor of m and 4.
4
Let o be 293 + (14/(-4) - (-209)/38). Let s be (-1)/(1/59*-1). Calculate the highest common factor of s and o.
59
Let l = -267 + 491. Calculate the highest common factor of l and 21.
7
Let m be 9/24 + (-2554)/(-16). Suppose 50 = 7*v - m. Let k(x) = x**3 + 9*x**2 + 6*x - 1. Let i be k(-8). Calculate the greatest common divisor of i and v.
15
Let f be (26/14 + -1)/((-9)/(-168)). Let t(v) = -113*v**3 + v. Let x be t(-1). Calculate the highest common divisor of x and f.
16
Suppose 3*j = -12*j + 150. What is the greatest common factor of 170 and j?
10
Let c be (2/(-4))/((-1)/48). Let a(z) = 10*z**2 - 2*z + 4. Let v be a(-2). Calculate the greatest common divisor of v and c.
24
Let x = 61 - -17. Calculate the highest common factor of x and 6